ase 8) to base 7
-11
Convert -40 (base 6) to base 12.
-20
Convert 233 (base 6) to base 11.
85
Convert -3 (base 13) to base 6.
-3
Convert -1a (base 15) to base 9.
-27
19 (base 11) to base 13
17
-26 (base 13) to base 16
-20
Convert -2 (base 14) to base 12.
-2
What is 24 (base 5) in base 8?
16
What is -112 (base 8) in base 15?
-4e
What is -4 (base 15) in base 7?
-4
Convert e (base 15) to base 6.
22
Convert -1010 (base 3) to base 5.
-110
Convert 0 (base 13) to base 2.
0
What is -10 (base 4) in base 8?
-4
140 (base 6) to base 11
55
Convert -31 (base 4) to base 2.
-1101
Convert -3 (base 10) to base 15.
-3
a (base 14) to base 3
101
Convert 1100 (base 3) to base 9.
40
Convert -73 (base 13) to base 9.
-114
Convert 0 (base 16) to base 14.
0
20 (base 9) to base 3
200
Convert -1001 (base 2) to base 8.
-11
-141 (base 9) to base 10
-118
Convert -3113 (base 4) to base 15.
-e5
Convert -122 (base 5) to base 9.
-41
43 (base 9) to base 4
213
Convert 34 (base 8) to base 4.
130
Convert -100111010 (base 2) to base 16.
-13a
Convert -35 (base 7) to base 16.
-1a
Convert -31 (base 5) to base 14.
-12
-11 (base 2) to base 13
-3
Convert 32 (base 16) to base 3.
1212
Convert -22 (base 6) to base 7.
-20
What is 4 (base 6) in base 11?
4
Convert -29 (base 12) to base 14.
-25
What is -20 (base 3) in base 2?
-110
What is -2 (base 16) in base 8?
-2
Convert 0 (base 7) to base 8.
0
What is 4 (base 10) in base 2?
100
Convert 3 (base 13) to base 7.
3
Convert 48 (base 10) to base 15.
33
Convert 1100 (base 3) to base 4.
210
0 (base 16) to base 9
0
What is -402 (base 5) in base 10?
-102
Convert -1 (base 15) to base 3.
-1
Convert -4 (base 15) to base 6.
-4
What is 16 (base 11) in base 13?
14
Convert -c (base 14) to base 4.
-30
What is -116 (base 10) in base 2?
-1110100
What is -43 (base 15) in base 14?
-47
What is 3 (base 10) in base 6?
3
What is 7 (base 13) in base 9?
7
What is -1 (base 6) in base 4?
-1
6 (base 8) to base 6
10
What is 15e (base 15) in base 14?
186
Convert -15 (base 9) to base 13.
-11
2d (base 14) to base 8
51
What is -4 (base 12) in base 3?
-11
What is 33 (base 13) in base 9?
46
-20 (base 3) to base 15
-6
121 (base 5) to base 12
30
Convert -2 (base 13) to base 6.
-2
-24 (base 9) to base 4
-112
What is 8a (base 14) in base 10?
122
40 (base 12) to base 2
110000
Convert 8 (base 16) to base 7.
11
Convert 43 (base 6) to base 3.
1000
What is -19 (base 15) in base 14?
-1a
11 (base 6) to base 3
21
Convert -12 (base 5) to base 7.
-10
1 (base 4) to base 16
1
Convert 1 (base 16) to base 12.
1
What is 1101001 (base 2) in base 10?
105
What is 3 (base 8) in base 6?
3
1 (base 7) to base 2
1
Convert 2 (base 16) to base 10.
2
1330 (base 4) to base 12
a4
Convert 2 (base 7) to base 2.
10
What is -1 (base 10) in base 13?
-1
What is 535 (base 9) in base 7?
1163
Convert -3 (base 5) to base 3.
-10
Convert 5 (base 11) to base 4.
11
Convert -1010 (base 3) to base 12.
-26
Convert 201 (base 3) to base 7.
25
5 (base 12) to base 6
5
1 (base 14) to base 7
1
Convert 111010 (base 2) to base 6.
134
Convert -11 (base 6) to base 3.
-21
What is 6 (base 14) in base 3?
20
22 (base 4) to base 13
a
What is -1110 (base 3) in base 15?
-29
What is 6 (base 13) in base 6?
10
-367 (base 9) to base 2
-100110000
What is -26 (base 8) in base 5?
-42
What is -10101 (base 2) in base 16?
-15
100 (base 2) to base 3
11
Convert -2 (base 3) to base 8.
-2
Convert 28 (base 16) to base 12.
34
Convert -40 (base 13) to base 16.
-34
Convert 64 (base 10) to base 15.
44
Convert -10 (base 3) to base 14.
-3
Convert 4 (base 5) to base 4.
10
Convert 1 (base 10) to base 16.
1
What is -d (base 14) in base 3?
-111
Convert 3 (base 12) to base 5.
3
Convert -130 (base 4) to base 12.
-24
1000 (base 3) to base 6
43
1001 (base 2) to base 14
9
What is 3 (base 14) in base 5?
3
Convert -12 (base 6) to base 3.
-22
0 (base 6) to base 15
0
What is -ec (base 15) in base 2?
-11011110
Convert bb (base 14) to base 3.
20010
-24 (base 15) to base 11
-31
Convert -112 (base 9) to base 10.
-92
Convert 69 (base 10) to base 15.
49
What is -7 (base 15) in base 9?
-7
What is 0 (base 3) in base 12?
0
Convert 63 (base 7) to base 15.
30
Convert -112 (base 4) to base 13.
-19
51 (base 7) to base 16
24
What is 5 (base 8) in base 5?
10
Convert -a (base 12) to base 5.
-20
Convert -206 (base 7) to base 5.
-404
-a (base 15) to base 9
-11
-32 (base 7) to base 9
-25
What is 2 (base 9) in base 16?
2
What is 0 (base 12) in base 7?
0
Convert 20 (base 8) to base 16.
10
Convert -3121 (base 4) to base 6.
-1001
Convert 6 (base 12) to base 10.
6
What is 203 (base 4) in base 16?
23
What is -46 (base 10) in base 5?
-141
What is 45 (base 9) in base 14?
2d
-1 (base 14) to base 4
-1
What is -355 (base 7) in base 8?
-273
-91 (base 14) to base 12
-a7
-23 (base 16) to base 11
-32
34 (base 11) to base 12
31
What is -54 (base 9) in base 15?
-34
113 (base 11) to base 8
207
What is 11 (base 3) in base 13?
4
What is 26 (base 8) in base 4?
112
-6 (base 7) to base 15
-6
Convert -83 (base 12) to base 7.
-201
-1 (base 11) to base 16
-1
What is -5 (base 12) in base 16?
-5
Convert -3 (base 5) to base 2.
-11
What is -211 (base 6) in base 2?
-1001111
-3 (base 14) to base 15
-3
-2 (base 5) to base 3
-2
-27 (base 13) to base 4
-201
-7 (base 11) to base 4
-13
Convert 2 (base 9) to base 6.
2
Convert -2 (base 5) to base 7.
-2
Convert -5 (base 7) to base 13.
-5
41 (base 11) to base 9
50
Convert 10121 (base 3) to base 6.
241
-1a (base 16) to base 9
-28
What is -52 (base 9) in base 8?
-57
Convert 14 (base 5) to base 16.
9
Convert -1221 (base 3) to base 4.
-310
What is -1 (base 14) in base 8?
-1
What is -7 (base 12) in base 3?
-21
-40 (base 6) to base 11
-22
-3 (base 9) to base 8
-3
What is 10 (base 6) in base 8?
6
Convert 1 (base 2) to base 5.
1
-2 (base 15) to base 13
-2
Convert -27 (base 13) to base 9.
-36
Convert 2 (base 9) to base 4.
2
110111 (base 2) to base 4
313
-8 (base 15) to base 9
-8
11 (base 2) to base 7
3
Convert -22 (base 9) to base 6.
-32
Convert 69 (base 13) to base 10.
87
What is 11112 (base 3) in base 7?
233
What is -122 (base 7) in base 16?
-41
-11 (base 8) to base 12
-9
What is -1 (base 14) in base 2?
-1
0 (base 3) to base 15
0
4c (base 15) to base 8
110
-6 (base 16) to base 3
-20
-4 (base 13) to base 10
-4
What is 11 (base 3) in base 12?
4
Convert 17 (base 11) to base 14.
14
What is -11 (base 12) in base 2?
-1101
1 (base 4) to base 13
1
-64 (base 7) to base 2
-101110
What is 1 (base 14) in base 9?
1
Convert -100 (base 2) to base 3.
-11
Convert -3 (base 8) to base 12.
-3
What is -171 (base 9) in base 14?
-a5
100110010 (base 2) to base 5
2211
2 (base 8) to base 10
2
What is 76 (base 15) in base 12?
93
28 (base 14) to base 4
210
-10 (base 6) to base 5
-11
0 (base 16) to base 13
0
Convert -20 (base 4) to base 15.
-8
What is 245 (base 9) in base 12?
14b
a (base 14) to base 12
a
What is -10 (base 8) in base 16?
-8
What is -2 (base 5) in base 13?
-2
-11 (base 7) to base 12
-8
-151 (base 6) to base 11
-61
Convert -1 (base 16) to base 2.
-1
63 (base 7) to base 3
1200
-3 (base 13) to base 16
-3
What is 3 (base 8) in base 7?
3
Convert -165 (base 13) to base 15.
-11c
What is -2 (base 14) in base 3?
-2
What is -1002 (base 3) in base 8?
-35
34 (base 16) to base 15
37
1 (base 4) to base 9
1
13 (base 10) to base 3
111
Convert -61 (base 8) to base 4.
-301
Convert 111 (base 4) to base 6.
33
What is -164 (base 7) in base 11?
-87
-112 (base 8) to base 3
-2202
10 (base 15) to base 11
14
Convert -7 (base 12) to base 7.
-10
Convert -31 (base 13) to base 9.
-44
1 (base 12) to base 11
1
What is -4 (base 16) in base 5?
-4
Convert -92 (base 10) to base 11.
-84
Convert -108 (base 13) to base 12.
-129
Convert 21 (base 16) to base 2.
100001
Convert 0 (base 5) to base 4.
0
What is 17 (base 8) in base 12?
13
Convert -1 (base 16) to base 10.
-1
What is 11 (base 13) in base 15?
e
Convert 3 (base 15) to base 16.
3
Convert -11 (base 2) to base 12.
-3
14 (base 12) to base 5
31
-154 (base 6) to base 2
-1000110
-1 (base 16) to base 4
-1
What is -48 (base 16) in base 3?
-2200
Convert -100110 (base 3) to base 5.
-2010
What is -1110 (base 2) in base 14?
-10
-2 (base 15) to base 9
-2
Convert 63 (base 9) to base 2.
111001
What is 12 (base 3) in base 12?
5
-31 (base 5) to base 6
-24
What is 1 (base 16) in base 14?
1
What is -2121 (